{"id":18,"date":"2018-11-27T10:47:29","date_gmt":"2018-11-27T10:47:29","guid":{"rendered":"https:\/\/leschuna.de\/?page_id=18"},"modified":"2026-01-22T09:47:41","modified_gmt":"2026-01-22T08:47:41","slug":"so-kommunizieren-wir","status":"publish","type":"page","link":"https:\/\/leschuna.de\/index.php\/so-kommunizieren-wir\/","title":{"rendered":"Kontakt mit uns"},"content":{"rendered":"<div id=\"team-2\" class=\"team-5 content-section content-section-spacing\" data-id=\"team--2\" data-category=\"team\" data-export-id=\"team-5\" data-label=\"Team\">\n<div class=\"gridContainer\">\n<div class=\"row text-center\">\n<div class=\"section-title-col\" data-type=\"column\">\n<h2>Kontakt mit uns<\/h2>\n<p class=\"lead\">Uns stehen eine Vielzahl von Kommunikationsmitteln zur Verf\u00fcgung die eine Kontaktaufnahme zur LebensSchuleNatur und uns erm\u00f6glichen. Wir freuen uns auf ein gegenseitiges Kennenlernen.<\/p>\n<p>&nbsp;<\/p>\n<p>&nbsp;<\/p>\n<\/div>\n<\/div>\n<\/div>\n<\/div>\n\n<div class=\"wpcf7 no-js\" id=\"wpcf7-f197-o1\" lang=\"de-DE\" dir=\"ltr\" data-wpcf7-id=\"197\">\n<div class=\"screen-reader-response\"><p role=\"status\" aria-live=\"polite\" aria-atomic=\"true\"><\/p> <ul><\/ul><\/div>\n<form action=\"\/index.php\/wp-json\/wp\/v2\/pages\/18#wpcf7-f197-o1\" method=\"post\" class=\"wpcf7-form init\" aria-label=\"Kontaktformular\" enctype=\"multipart\/form-data\" novalidate=\"novalidate\" data-status=\"init\">\n<fieldset class=\"hidden-fields-container\"><input type=\"hidden\" name=\"_wpcf7\" value=\"197\" \/><input type=\"hidden\" name=\"_wpcf7_version\" value=\"6.1.5\" \/><input type=\"hidden\" name=\"_wpcf7_locale\" value=\"de_DE\" \/><input type=\"hidden\" name=\"_wpcf7_unit_tag\" value=\"wpcf7-f197-o1\" \/><input type=\"hidden\" name=\"_wpcf7_container_post\" value=\"0\" \/><input type=\"hidden\" name=\"_wpcf7_posted_data_hash\" value=\"\" \/>\n<\/fieldset>\n<p><label> Dein Name (Pflichtfeld)<br \/>\n<span class=\"wpcf7-form-control-wrap\" data-name=\"your-name\"><input size=\"40\" maxlength=\"400\" class=\"wpcf7-form-control wpcf7-text wpcf7-validates-as-required\" aria-required=\"true\" aria-invalid=\"false\" value=\"\" type=\"text\" name=\"your-name\" \/><\/span> <\/label>\n<\/p>\n<p><label> Deine E-Mail-Adresse (Pflichtfeld)<br \/>\n<span class=\"wpcf7-form-control-wrap\" data-name=\"your-email\"><input size=\"40\" maxlength=\"400\" class=\"wpcf7-form-control wpcf7-email wpcf7-validates-as-required wpcf7-text wpcf7-validates-as-email\" aria-required=\"true\" aria-invalid=\"false\" value=\"\" type=\"email\" name=\"your-email\" \/><\/span> <\/label>\n<\/p>\n<p><label> Deine Telefonnummer (Wir verwenden deine Telefonnummer nur f\u00fcr einen von dir gew\u00fcnschten R\u00fcckruf)<br \/>\n<span class=\"wpcf7-form-control-wrap\" data-name=\"tel-917\"><input size=\"40\" maxlength=\"400\" class=\"wpcf7-form-control wpcf7-tel wpcf7-text wpcf7-validates-as-tel\" aria-invalid=\"false\" value=\"\" type=\"tel\" name=\"tel-917\" \/><\/span> <\/label>\n<\/p>\n<p><label> Betreff<br \/>\n<span class=\"wpcf7-form-control-wrap\" data-name=\"menu-779\"><select class=\"wpcf7-form-control wpcf7-select wpcf7-validates-as-required\" aria-required=\"true\" aria-invalid=\"false\" name=\"menu-779\"><option value=\"\">&#8211; Bitte ausw\u00e4hlen &#8211;<\/option><option value=\"Mitgliedschaft\">Mitgliedschaft<\/option><option value=\"Spenden\">Spenden<\/option><option value=\"Sponsoring\">Sponsoring<\/option><option value=\"Sonstiges\">Sonstiges<\/option><\/select><\/span> <\/label>\n<\/p>\n<p><label> Deine Nachricht<br \/>\n<span class=\"wpcf7-form-control-wrap\" data-name=\"your-message\"><textarea cols=\"40\" rows=\"10\" maxlength=\"2000\" class=\"wpcf7-form-control wpcf7-textarea\" aria-invalid=\"false\" name=\"your-message\"><\/textarea><\/span> <\/label>\n<\/p>\n<p><label> M\u00f6chtest du uns eine Datei oder ein Dokument senden? (max. 2MB)<br \/>\n<span class=\"wpcf7-form-control-wrap\" data-name=\"file-756\"><input size=\"40\" class=\"wpcf7-form-control wpcf7-file\" accept=\"audio\/*,video\/*,image\/*\" aria-invalid=\"false\" type=\"file\" name=\"file-756\" \/><\/span> <\/label>\n<\/p>\n<p><span class=\"wpcf7-form-control-wrap\" data-name=\"acceptance-714\"><span class=\"wpcf7-form-control wpcf7-acceptance\"><span class=\"wpcf7-list-item\"><label><input type=\"checkbox\" name=\"acceptance-714\" value=\"1\" aria-invalid=\"false\" \/><span class=\"wpcf7-list-item-label\">Ich habe die <a href=\"https:\/\/leschuna.de\/index.php\/datenschutz\/\">Datenschutzerkl\u00e4rung<\/a> zur Kenntnis genommen und akzeptiere diese.<\/span><\/label><\/span><\/span><\/span>\n<\/p>\n<p><input class=\"wpcf7-form-control wpcf7-submit has-spinner\" type=\"submit\" value=\"Senden\" \/>\n<\/p><div class=\"wpcf7-response-output\" aria-hidden=\"true\"><\/div>\n<\/form>\n<\/div>\n\n<div id=\"features-3\" class=\"features-16 content-section content-section-spacing\" style=\"background-color: #ffffff;\" data-id=\"features--3\" data-category=\"features\" data-export-id=\"features-16\" data-label=\"Features\">\n<div class=\"gridContainer\">\n<div class=\"row spaced-cols\" data-type=\"row\">\n<div class=\"col-xs-12 col-sm-6 col-md-4 space-bottom\">\n<div class=\"col-padding-small col-padding-small-xs description-container\" data-type=\"column\">\n<h4 class=\"font-500\" style=\"text-align: center;\"><img loading=\"lazy\" decoding=\"async\" class=\"size-full wp-image-119 aligncenter\" src=\"https:\/\/leschuna.de\/wp-content\/uploads\/2018\/12\/LebensSchuleNatur-Web-Icon-Location-gruen-100x100px.png\" alt=\"\" width=\"100\" height=\"100\">ADRESSE<\/h4>\n<p style=\"text-align: center;\">Lebens Schule Natur<br \/>\nSeitersweg 150<br \/>\n64287 Darmstadt<\/p>\n<\/div>\n<\/div>\n<div class=\"col-xs-12 col-sm-6 col-md-4 space-bottom\">\n<div class=\"col-padding-small col-padding-small-xs description-container\" data-type=\"column\">\n<h4 class=\"font-500\" style=\"text-align: center;\"><img loading=\"lazy\" decoding=\"async\" class=\"size-full wp-image-120 aligncenter\" src=\"https:\/\/leschuna.de\/wp-content\/uploads\/2018\/12\/LebensSchuleNatur-Web-Icon-Clock-gruen-100x100px.png\" alt=\"\" width=\"100\" height=\"100\">\u00d6FFNUNGSZEITEN<\/h4>\n<p style=\"text-align: center;\">Termine nach Vereinbarung<\/p>\n<\/div>\n<\/div>\n<div class=\"col-xs-12 col-sm-6 col-md-4 space-bottom\">\n<div class=\"col-padding-small col-padding-small-xs description-container\" data-type=\"column\">\n<h4 class=\"font-500\" style=\"text-align: center;\"><img loading=\"lazy\" decoding=\"async\" class=\"size-full wp-image-121 aligncenter\" src=\"https:\/\/leschuna.de\/wp-content\/uploads\/2018\/12\/LebensSchuleNatur-Web-Icon-Phone-gruen-100x100px.png\" alt=\"\" width=\"100\" height=\"100\">KONTAKT<\/h4>\n<p style=\"text-align: center;\"><strong>Telefon:<\/strong><br \/>\n<strong>E-Mail:<\/strong> <a href=\"mailto:leschuna@web.de\">leschuna@web.de<\/a><\/p>\n<\/div>\n<\/div>\n<\/div>\n<\/div>\n<\/div>\n","protected":false},"excerpt":{"rendered":"<p>Kontakt mit uns Uns stehen eine Vielzahl von Kommunikationsmitteln zur Verf\u00fcgung die eine Kontaktaufnahme zur LebensSchuleNatur und uns erm\u00f6glichen. Wir freuen uns auf ein gegenseitiges Kennenlernen. &nbsp; &nbsp; ADRESSE Lebens Schule Natur Seitersweg 150 64287 Darmstadt \u00d6FFNUNGSZEITEN Termine nach Vereinbarung KONTAKT Telefon: E-Mail: leschuna@web.de<\/p>\n","protected":false},"author":1,"featured_media":0,"parent":0,"menu_order":0,"comment_status":"closed","ping_status":"closed","template":"","meta":{"ngg_post_thumbnail":0,"footnotes":""},"class_list":["post-18","page","type-page","status-publish","hentry"],"_links":{"self":[{"href":"https:\/\/leschuna.de\/index.php\/wp-json\/wp\/v2\/pages\/18","targetHints":{"allow":["GET"]}}],"collection":[{"href":"https:\/\/leschuna.de\/index.php\/wp-json\/wp\/v2\/pages"}],"about":[{"href":"https:\/\/leschuna.de\/index.php\/wp-json\/wp\/v2\/types\/page"}],"author":[{"embeddable":true,"href":"https:\/\/leschuna.de\/index.php\/wp-json\/wp\/v2\/users\/1"}],"replies":[{"embeddable":true,"href":"https:\/\/leschuna.de\/index.php\/wp-json\/wp\/v2\/comments?post=18"}],"version-history":[{"count":10,"href":"https:\/\/leschuna.de\/index.php\/wp-json\/wp\/v2\/pages\/18\/revisions"}],"predecessor-version":[{"id":1150,"href":"https:\/\/leschuna.de\/index.php\/wp-json\/wp\/v2\/pages\/18\/revisions\/1150"}],"wp:attachment":[{"href":"https:\/\/leschuna.de\/index.php\/wp-json\/wp\/v2\/media?parent=18"}],"curies":[{"name":"wp","href":"https:\/\/api.w.org\/{rel}","templated":true}]}}