{"id":711,"date":"2020-09-21T14:03:33","date_gmt":"2020-09-21T12:03:33","guid":{"rendered":"https:\/\/leschuna.de\/?page_id=711"},"modified":"2026-01-22T09:54:56","modified_gmt":"2026-01-22T08:54:56","slug":"patenschaften","status":"publish","type":"page","link":"https:\/\/leschuna.de\/index.php\/patenschaften\/","title":{"rendered":"Patenschaften"},"content":{"rendered":"\nngg_shortcode_0_placeholder\n\n\n\n<p class=\"has-text-align-center\">Sie suchen nach einer besonderen und nachhaltigen Geschenkidee f\u00fcr Ihr Liebsten oder auch f\u00fcr sich selbst und m\u00f6chten damit Tieren und der Natur&nbsp;helfen? Dann haben wir f\u00fcr Sie einen besonderen Tipp:<\/p>\n\n\n\n<p class=\"has-text-align-center\"> Wie w\u00e4re es mit einer Patenschaft bei der LebensSchuleNatur?<\/p>\n\n\n\n<p class=\"has-text-align-center\"> Auf diese Weise unterst\u00fctzen Sie den Tier- und Naturschutz direkt und \u00fcberraschen gleichzeitig Ihre Lieben mit einem besonderen Geschenk. Denn wer echte Liebe &#8211; und zwar Tier- und Naturliebe &#8211; verschenken m\u00f6chte, liegt mit einer Patenschaft bei der LebensSchuleNatur genau richtig. Mit Ihrer Patenschaft helfen Sie uns, den Tieren und der Natur in unserer Obhut lebenslang eine artgerechte Unterbringung, Versorgung und Pflege zu sichern.<\/p>\n\n\n\n<p class=\"has-text-align-center\">Ob Lama, Alpaka, Pferd, Schaf, Hund, V\u00f6gel, Wildtier oder B\u00e4ume&nbsp;&#8211; f\u00fcr jeden Tier- Naturliebhaber ist&nbsp;das Passende&nbsp;dabei.&nbsp; Patenschaften sind auf 1 Jahr befristet und bed\u00fcrfen keiner K\u00fcndigung.<\/p>\n\n\n\n<p class=\"has-text-align-center\">Nach&nbsp;Eingang des Antragformulars&nbsp;erhalten &nbsp;Sie eine Urkunde inklusive Fotos zum pers\u00f6nlichen Weiterreichen. Der&nbsp;Pate erh\u00e4lt anschlie\u00dfend regelm\u00e4\u00dfig Berichte \u00fcber seinen Sch\u00fctzling oder sein Patenprojekt und eine Einladung zum allj\u00e4hrlichen Patentreffen. Als Dankesch\u00f6n erhalten Sie zudem einen Patenengel aus unserer K\u00fcnstlerwerkstatt.<\/p>\n\n\n\n<p class=\"has-text-align-center\">Unsere Tier- und Projektpaten haben im Verlauf des Jahres die M\u00f6glichkeit ihre Sch\u00fctzlinge am Standort der LebensSchuleNatur&nbsp;jeder Zeit zu besuchen. F\u00fcr das Patentreffen werden sie und ihre Angeh\u00f6rigen exklusiv eingeladen. Unsere Patentreffen finden in der LebensSchuleNatur in Darmstadt statt.<\/p>\n\n\n\n<p class=\"has-text-align-center\">Werden auch Sie Pate und seien Sie beim n\u00e4chsten Patentreffen dabei! Oder verschenken Sie eine Patenschaft an einen Tier- oder Naturschutzfreund!<\/p>\n\n\n\n<p class=\"has-text-align-center\"> Lama- oder Alpakapatenschaft: mtl. 15,00 Euro Patenschaft<\/p>\n\n\n\n<p class=\"has-text-align-center\">F\u00fcr eines der Gro\u00dfpferde: mtl. 20,00 Euro Patenschaft<\/p>\n\n\n\n<p class=\"has-text-align-center\">F\u00fcr eines der Mini-Shetties: mtl. 15.00 Euro Patenschaft<\/p>\n\n\n\n<p class=\"has-text-align-center\">F\u00fcr eines unserer Schafe: mtl. 10,00 Euro Patenschaft<\/p>\n\n\n\n<p class=\"has-text-align-center\">F\u00fcr eine Tiergruppe in unserem Garten: mtl. 5,00 Euro<\/p>\n\n\n\n<p class=\"has-text-align-center\">F\u00fcr Pflanzen und B\u00e4ume einmalig im Jahr ist der Betrag frei w\u00e4hlbar<\/p>\n\n\n\n<p class=\"has-text-align-center\">Hier geht&#8217;s zum Antragsformular:<\/p>\n\n\n\n<p class=\"has-text-align-center\"><a href=\"https:\/\/leschuna.de\/index.php\/patenschaft-antragsformular\/\">https:\/\/leschuna.de\/index.php\/patenschaft-antragsformular\/<\/a><\/p>\n\n\n\n<p class=\"has-text-align-center\">Weitere Ausk\u00fcnfte per E-Mail: leschuna@web.de<\/p>\n","protected":false},"excerpt":{"rendered":"<p>Sie suchen nach einer besonderen und nachhaltigen Geschenkidee f\u00fcr Ihr Liebsten oder auch f\u00fcr sich selbst und m\u00f6chten damit Tieren und der Natur&nbsp;helfen? Dann haben wir f\u00fcr Sie einen besonderen Tipp: Wie w\u00e4re es mit einer Patenschaft bei der LebensSchuleNatur? Auf diese Weise unterst\u00fctzen Sie den Tier- und Naturschutz direkt und \u00fcberraschen gleichzeitig Ihre Lieben&hellip; <br \/> <a class=\"read-more\" href=\"https:\/\/leschuna.de\/index.php\/patenschaften\/\">Weiterlesen<\/a><\/p>\n","protected":false},"author":5,"featured_media":0,"parent":0,"menu_order":0,"comment_status":"closed","ping_status":"closed","template":"","meta":{"ngg_post_thumbnail":0,"footnotes":""},"class_list":["post-711","page","type-page","status-publish","hentry"],"_links":{"self":[{"href":"https:\/\/leschuna.de\/index.php\/wp-json\/wp\/v2\/pages\/711","targetHints":{"allow":["GET"]}}],"collection":[{"href":"https:\/\/leschuna.de\/index.php\/wp-json\/wp\/v2\/pages"}],"about":[{"href":"https:\/\/leschuna.de\/index.php\/wp-json\/wp\/v2\/types\/page"}],"author":[{"embeddable":true,"href":"https:\/\/leschuna.de\/index.php\/wp-json\/wp\/v2\/users\/5"}],"replies":[{"embeddable":true,"href":"https:\/\/leschuna.de\/index.php\/wp-json\/wp\/v2\/comments?post=711"}],"version-history":[{"count":12,"href":"https:\/\/leschuna.de\/index.php\/wp-json\/wp\/v2\/pages\/711\/revisions"}],"predecessor-version":[{"id":1153,"href":"https:\/\/leschuna.de\/index.php\/wp-json\/wp\/v2\/pages\/711\/revisions\/1153"}],"wp:attachment":[{"href":"https:\/\/leschuna.de\/index.php\/wp-json\/wp\/v2\/media?parent=711"}],"curies":[{"name":"wp","href":"https:\/\/api.w.org\/{rel}","templated":true}]}}